 - (1 - -1))) + 1
1
Calculate -2 + (0 + 6 - 7).
-3
What is 5 - (-12 + 5) - (-10 + 15)?
7
What is -8 + 11 + (-4 - 1) - 2?
-4
What is the value of 15 - (-15 + 7 + 16)?
7
Evaluate -5 + (2 + 1 - 3).
-5
4 - (-6 + 15 + -5 - 4)
4
Calculate -3 + 6 + -5 + -2 + 4.
0
What is the value of 18 - (-5 - -12) - 4?
7
What is -6 - (-5 - (0 - 0))?
-1
Evaluate 9 - (17 - 6 - -6).
-8
Evaluate (-4 - -10) + -8 + 1.
-1
Evaluate 0 - 0 - -3 - 6.
-3
What is 2 - 2 - (3 - (4 - 4))?
-3
Evaluate -2 - 1 - (8 - 11).
0
Calculate 49 + -44 - (-2 + 1 - -6).
0
What is the value of -5 + -1 + 6 + -2 - 0?
-2
What is the value of -3 + (-2 - -8) - (-1 - -2)?
2
Evaluate 3 + (2 - 0 - 9).
-4
What is the value of 5 - (-5 - -10) - (-5 - -3)?
2
What is the value of -13 + 9 + 1 + -1 + -2?
-6
Calculate (6 - (-5 + 7)) + -1 + -2.
1
What is the value of (7 - 5) + -3 - (-1 + -3)?
3
Evaluate 6 + (11 - (9 + 10)).
-2
Evaluate -4 - 3 - 2 - (-1 - 3).
-5
-10 + 4 - -2 - -1
-3
Calculate ((3 - -6) + -4 - 2) + -3.
0
Calculate 3 + (-15 + 13 - (-2 + -1)).
4
Calculate (4 - 11) + 3 - (-5 + 1).
0
What is the value of -1 + -1 - (7 - 12 - 2)?
5
Calculate 6 - (2 + -4 - -3).
5
What is the value of (-3 - 4) + 4 + (6 - -1)?
4
What is -6 + 0 + -2 + 8 + -2?
-2
(23 - 9 - -7) + -14
7
What is the value of 1 + (-3 - (0 + 2))?
-4
What is -46 + 44 + -2 + (-1 - 1)?
-6
Calculate -5 + (3 - (5 + -5)).
-2
Evaluate 7 + -13 + 7 + 1.
2
What is the value of 2 - (-4 - -7 - 4) - -1?
4
What is the value of 1 + 1 + -3 + 4?
3
Calculate (-7 - (3 - 4)) + 8.
2
Evaluate (-7 - (-4 + 8)) + -2 + 5.
-8
-13 + (24 - -3 - 8)
6
What is the value of (-2 + 2 - -1) + -2?
-1
-25 + 30 + (-2 - 4) - -9
8
Evaluate -3 + 11 + (-6 - -1).
3
Evaluate 5 - (6 + -13 + -2) - 5.
9
1 - (2 + (6 - 15))
8
What is the value of (-2 - (0 + -7)) + (-10 - -6)?
1
Calculate -29 + 30 - (1 - -3).
-3
Evaluate -3 + 2 + (-23 - -27).
3
What is -12 + (-4 - -6) + 6 + 2?
-2
Evaluate 4 - ((-2 - -1) + 2) - 5.
-2
Calculate (4 - (-2 + 10)) + 3 + 4.
3
Evaluate 4 - (-3 - -2 - -3).
2
Calculate -17 + 18 - (1 + 3 + -2).
-1
Evaluate (-3 - -2) + 1 + 1 + -2.
-1
Calculate 5 - (1 + -3 + 4).
3
Calculate 3 + (-6 - (9 - 20)).
8
Evaluate (-11 - -26 - (5 + 0)) + -3.
7
Evaluate (-2 - (-19 + 12)) + 1.
6
-4 - (4 + (-29 - -10))
11
5 - 3 - (6 + (-16 - -10))
2
What is 3 + (3 - (4 - 0)) + -2?
0
What is the value of -1 - -1 - -3 - (116 + -115)?
2
What is 4 - (1 - -3 - (-18 + 21))?
3
Calculate (2 - 1 - 12) + 6.
-5
What is the value of 3 + 7 + -2 - (2 - -1)?
5
What is -6 - (7 - (5 - 1) - 3)?
-6
Calculate 11 + 1 - (-45 - -55).
2
Calculate 3 - -2 - (2 - 4 - -1).
6
What is -6 + (1 - 2 - 0)?
-7
What is 5 - (-3 + 1 + -1 + 7)?
1
4 + 1 + -7 - (5 - 0)
-7
-3 - (-6 - (-6 - -3))
0
Evaluate -18 - -4 - -10 - (5 - 4).
-5
What is the value of 40 + -27 - (0 - -10)?
3
What is the value of -1 + (-1 - -4) - 3?
-1
-1 + 7 + (-33 - -24)
-3
Calculate 7 + (3 - -3) - 9.
4
6 + (-5 - (-2 - 6 - -5))
4
Evaluate -5 + -4 - -20 - 10.
1
What is -8 + 5 + 10 + -8?
-1
What is the value of -4 - (-5 + 0 + -5 + 8)?
-2
Evaluate 3 - (-2 + 7 + 0).
-2
-15 - -4 - (1 - -3 - 8)
-7
-3 - -8 - (3 - 0)
2
Calculate (-30 - -18) + (-4 - -16).
0
Evaluate (-2 - -7) + (9 - (12 - 4)).
6
What is the value of -4 - -3 - 3 - (-18 + 21)?
-7
What is (4 - -2) + 1 + -6?
1
Evaluate (-19 - -15) + (-5 - -2) + 1.
-6
Calculate 2 + (0 - (-3 + -2)).
7
Calculate 8 + -5 + -4 + 6.
5
What is the value of -3 + (9 - 4) - 11 - -4?
-5
Calculate -1 - -2 - (5 + -3 - -9).
-10
Evaluate -2 - 1 - (4 - (18 + -10)).
1
What is 1 - (2 - (-3 - -5))?
1
What is 3 - ((-1 + -3 - 3) + 7)?
3
What is the value of (-3 - -10) + -13 + -2?
-8
-11 - -8 - (-8 + 3)
2
What is the value of 10 + 8 + -6 - (5 - -1)?
6
What is the value of 0 + (-3 - -5 - -4) - 11?
-5
What is the value of -4 - (-2 + -1 + 1 + 4)?
-6
Calculate (2 - -8) + 4 + -4 + -6.
4
Calculate -2 - (0 + (-10 - -1)).
7
Calculate 0 + 5 - 3 - 3.
-1
Calculate 4 - (-1 - 3 - -9).
-1
Evaluate -7 + (-3 - -5 - -3) + -2.
-4
What is the value of 5 + 2 + -2 + -1?
4
What is the value of -6 + (-2 - (1 + -6)) - 2?
-5
Evaluate -1 + 8 + 0 + -2.
5
What is the value of -4 + -1 + 1 - (-43 + 39)?
0
1 + 0 + 3 + -6 + -3
-5
-3 + 4 + -2 + 2
1
Calculate (3 - 10 - -10 - 6) + 2.
-1
What is the value of -8 + 2 - (-12 + 4 + -5)?
7
Calculate (6 - 7) + 1 + 0.
0
What is the value of (1 - 2) + -6 + (19 - 15)?
-3
Evaluate 2 + -1 + 0 + -1 + 0.
0
2 + 0 + 1 + -8 + 0
-5
What is the value of 5 - 0 - ((0 - -6) + -5)?
4
-2 + -16 + 2 + 8
-8
(-9 - -19) + -9 + (-2 - 0)
-1
Calculate (-1 - -2) + (-9 - -2).
-6
Evaluate 2 + (-3 - 4) + 4.
-1
What is the value of 0 - (1 + -8) - (17 - 15)?
5
What is the value of (5 - (1 + 2)) + -2?
0
What is -13 - -1 - (84 - 87)?
-9
Evaluate -22 - -23 - (-2 + 2).
1
-1 - -3 - 4 - -2
0
What is the value of -7 - (-5 - (12 + -7))?
3
Evaluate 0 + -1 + -5 - (-43 + 31).
6
2 + -11 - (-30 + 9 + 1)
11
Evaluate (-5 + 5 - -2) + -5 + 5.
2
What is the value of -4 + (-4 - -4) + -1?
-5
Evaluate 15 + (7 - 5) - 10.
7
4 + (-4 - (2 - -1))
-3
What is -3 - (-3 + 7 + (-2 - 1))?
-4
What is the value of -6 + (-3 - -9 - 10) + 4?
-6
Evaluate (-1 + 1 - -3) + 2.
5
Calculate (-7 - 1) + 5 + (2 - 6).
-7
-3 + (2 - 2) + 7
4
Evaluate -7 - -4 - -7 - 5.
-1
Evaluate 10 + (-6 - (7 - 7)).
4
Evaluate (-13 + 6 - (4 - 4)) + -2.
-9
What is the value of 1 - ((2 - -1) + -2)?
0
What is 5 + (-3 - 3) + 0 - 1?
-2
What is the value of (2 - 3 - 3) + -3 + 10?
3
What is the value of 4 - (15 + 3 + -6 + -1)?
-7
Calculate (-35 - -36) + (0 - (0 - -5)).
-4
Calculate -3 + 3 - ((3 - 0) + -2).
-1
Calculate -1 + -1 + (11 - 5) + -7.
-3
8 + -9 - (0 + -2)
1
Evaluate 5 + 5 + 1 + -9.
2
Calculate (1 - 10) + 5 + 7.
3
Calculate -2 - 0 - (-53 - -49).
2
-3 + 1 + 4 + (3 - 1)
4
0 - 2 - 1 - (-25 - -28)
-6
Evaluate 8 - (0 + 7 + 0).
1
What is 4 + -12 + 17 + -4?
5
Calculate -2 + 3 + (41 - 40).
2
What is the value of 2 + -21 + (11 - (-11 - -13))?
-10
What is 3 - -2 - (-3 + 0)?
8
What is 4 - ((8 - 2) + 0)?
-2
Calculate 14 + (15 - 12) + -11.
6
(1 - (0 - -1) - -2) + -3
-1
-4 - (4 - 2 - 3) - -1
-2
What is -1 + 5 + -18 + 17?
3
Evaluate 1 + -2 + 2 - 0 - 0.
1
What is the value of 2 + -2 + -4 + (3 - -1)?
0
Evaluate 7 + (1 - (1 - -4)) + 3.
6
What is 6 - (-1 + 17 - 7)?
-3
Calculate -12 + (12 - 4) - (1 - 6).
1
(-3 - -4) + (-2 - (-2 + 5))
-4
What is -1 + (2 - (1 - 4))?
4
Evaluate -16 + 26 + -3 + (-3 - -1).
5
(7 - 10 - 4) + -5 - -7
-5
What is 3 - 6 - (5 - 7) - 7?
-8
What is 5 + -16 - (1 - 7)?
-5
Evaluate 5 - (14 + -8) - (3 - 7).
3
Evaluate -8 - (-4 + (-3 - (-3 - 0))).
-4
Calculate 68 + -64 + -3 + (0 - -2).
3
Calculate (0 - (3 + 1)) + 1 - -9.
6
What is 6 - (2 + -3 - (0 - 2))?
5
What is the value of 1 + 1 - (37 + -41)?
6
Evaluate 2 + 0 + -3 + 3.
2
Calculate 3 + (-9 - (2 - 7) - -5).
4
Calculate 0 + -3 + (-10 - -11).
-2
Evaluate 17 - 22 - (-5 - 0).
0
What is (2 - -1) + -5 + 7?
5
What is 0 + -2 + -1 + -2 + 2?
-3
What is 0 + 1 - (-9 - -6)?
4
Evaluate (-4 - -14 - 4) + (12 - 13).
5
Calculate 5 + (0 - 1) + -1 + 0.
3
What is the value of -3 + 1 + -1 + -2 + 7?
2
What is 2 + (3 - (2 + 2) - 1)?
0
1 - 7 - (14 + -25)
5
What is the value of 6 + (-12 - -11) - 11?
-6
Calculate -51 - -47 - (-5 + 1).
0
(1 - 1) + (5 - 3)
2
What is 5 + 1 + (-4 - (0 - 2))?
4
What is -1 + -1 + -1 + (3 - 3)?
-3
What is the value of 8 - (-1 - -10) - (2 - 3)?
0
Evaluate -1 + -1 + 2 - -5.
5
What is 0 - (3 + -1 + -9 + 11)?
-4
-3 + 5 + (-9 - 0) - -2
-5
What is 3 - ((-1 - 2) + (5 - 3))?
4
What is -6 - (1 + -8 - (8 + -12))?
-3
What is 0 + 5 - (-15 + 10 - -9)?
1
Calculate (-11 - (0 - 6)) + (3 - -7).
5
Evaluate 4 - (-2 + 5 + 0) - 1.
0
1 + (0 - -4) + -4
1
Evaluate -2 + -2 - (73 + -73).
-4
What is the value of -9 + 1 + (2 - 0)?
-6
What is the value of (-1 - 3) + 4 + -1?
-1
Calculate 0 - (-1 - -1) - -6 - 1.
5
Evaluate (12 - 6) + -2 + -4.
0
(15 - (3 - -4)) + -10
-2
-10 - (-7 + -12 + 6)
3
Calculate (1 - 1 - 2) + 1 - 2.
-3
What is 0 + 3 - -1 - 6?
-2
Calculate 6 - (2 - 0 - (10 - 14)).
0
1 - 2 - (10 - (11 - -6))
6
0 + 17 - (11 + -8) - 8
6
What is 8 - (-4 - (-2 + -9 - -4))?
5
What is (6 + 1 + -5 - 2) + -4?
-4
Evaluate (10 - 6) + -7 + -1.
-4
Calculate -1 + 9 + -1 + -3.
4
What is the value of (6 - (10 + -12)) + 1?
9
What is the value of (-14 - (-6 + -1)) + 8?
1
-6 + 6 - (1 + 1 + 1)
-3
What is -10 - -2 - (-3 + -3)?
-2
Evaluate 2 - (-3 - -4) - (-1 + 0).
2
Evaluate 2 + (7 - (12 + -3)).
0
What is the value of -1 + -8 + 0 + 5 + -3?